5) is divided by 7?
4
Let a = 67 - 48. Let u = -60 + 70. Let t = 0 + u. What is the remainder when a is divided by t?
9
Let j = 158 - 158. What is the remainder when 4/(-6) - 80/(-3) is divided by j - (1/(-4) + (-35)/4)?
8
Let c be (0 - 1)/(-3) + 5/(-15). Let w(i) = -i**2 - 5*i + 11. Calculate the remainder when 42 is divided by w(c).
9
Let v = -165 - -165. Suppose v = -4*y + 12 + 40. Suppose -c = m - 84, -2*c + 3*m = -0*c - 188. What is the remainder when c is divided by y?
10
Suppose -363*d = -359*d - 728. Calculate the remainder when d is divided by 46.
44
Let g = -99 - -181. Let x be g/(-3 + 4 - -1). Let d = x + 3. Calculate the remainder when d is divided by 15.
14
Let r(v) = -2*v - 6. Let p be r(-18). What is the remainder when 133 is divided by (p/(-9))/(8/(-324)*3)?
43
Let y(w) = 55*w + 2. Let k = -48 + 68. What is the remainder when y(1) is divided by (k/(-4))/((-1)/3)?
12
Let z(s) = -s**3 + 6*s**2 + 9*s + 1. Suppose 3*a = 65 - 44. Calculate the remainder when (-1 - (-64)/6)*6 is divided by z(a).
13
Let s(a) = 108*a - 1. Let p be s(-1). Calculate the remainder when (-8 - -11)/((-3)/p) is divided by 37.
35
Suppose y + 3*y - 24 = -2*j, 12 = j - 2*y. Calculate the remainder when (615/(-10))/(15/(-20)) is divided by j.
10
Let w = -122 - -29. Let j = 128 + w. What is the remainder when 138 is divided by j?
33
Suppose -21*y = -17*y - 288. Suppose 21*j = 17*j + y. Calculate the remainder when j is divided by 10.
8
Suppose -4*p + 32 = 4*k, -3*p + 8*p = -25. Suppose 8*i - 207 = 81. What is the remainder when i is divided by k?
10
Suppose 0 = -3*r - l + 16, -2*r - l = 2*l - 20. Calculate the remainder when 16 + (r - (2 - -4)) is divided by 8.
6
Suppose 0 = 3*h + 2*h - 90. Suppose 0 = 4*g + 16, y - 3*g - 37 = 26. What is the remainder when y is divided by h?
15
Suppose 2 = 2*a - 14. Let q = 13 - a. Suppose 0 = -q*i + 30 + 20. What is the remainder when 18 is divided by i?
8
Let w = -214 + 143. Let h = -1 + w. Let m = 102 + h. Calculate the remainder when m is divided by 16.
14
Let x be (-2 + -1)*(-3)/3. Suppose -x*l + 12 = l. Suppose l*n + 5*m = 43, -n + 11 + 10 = 5*m. What is the remainder when 32 is divided by n?
10
Suppose -14 = -c + 15. Suppose -5*i - 35 = -5*f - 0*i, 5*i = 3*f - c. Suppose 0 = h - f - 2. What is the remainder when 19 is divided by h?
4
Let n be (1 + -3)/(-8) - (-44)/16. Suppose -r + 26 = -5*w, -r = -4*r - n*w + 42. What is the remainder when r is divided by 6?
4
Suppose -x - 4*x + 10 = 0. Suppose 4*s - 66 = -x*s. What is the remainder when s is divided by 6?
5
Let i be 2242/8 - 14/56. Suppose -6*s - i = -10*s. Calculate the remainder when s is divided by 12.
10
Let q = 73 - 63. Suppose -6*c - 156 = -q*c. What is the remainder when c is divided by 10?
9
Suppose 0 = -o + h + 43, -6*o + 5*h + 170 = -2*o. Let v = -30 + o. Suppose 2*s - 2*c - 4 = 0, 5*c - 30 = -4*s - s. What is the remainder when v is divided by s?
3
Suppose -2*d = -5*p + 103, 5*p + d + d - 107 = 0. Suppose -3999*q = -4008*q + 648. Calculate the remainder when q is divided by p.
9
Suppose 86 = 5*o - 269. Let w = 72 - o. Suppose -z + 1 + 0 = 0. Calculate the remainder when w is divided by z.
0
Let b = -11 + 17. Let y be (b/4)/(4/(-8)). Let s(u) = u**2 - 2. What is the remainder when 12 is divided by s(y)?
5
Suppose 44 + 349 = 2*x - i, -4*i = -5*x + 984. Suppose t = -t + x. Let h = t - 47. Calculate the remainder when h is divided by 18.
15
Let p(i) = -i**3 - 3*i**2 + 2*i - 1. Let y be p(-3). Let h(t) = -t**3 + 2*t**2 + 4*t. Calculate the remainder when (-1)/((-27)/y + -4) is divided by h(3).
1
Let d be 13*(-2)/(-4)*-2. Let y = d + 18. Suppose 3*j = -y*m + 217, 4*m = m - 3. What is the remainder when j is divided by 19?
17
Let u(s) = s**3 - 9*s**2 + 8. Suppose 3*q - 9 = 2*q. Calculate the remainder when 30 is divided by u(q).
6
What is the remainder when 246 is divided by -4 - ((-88)/4 - 7)?
21
Let m = -1941 - -2251. What is the remainder when m is divided by 79?
73
Let n = -99 - -102. Suppose d = 37 + n. Suppose -2*i + 55 = 13. What is the remainder when d is divided by i?
19
Suppose 8*y + 212 = 12*y. What is the remainder when y is divided by 2*11*1/2?
9
Let k be ((-12)/5)/((-1)/5*1). What is the remainder when ((-158)/3*2)/((-8)/k) is divided by 23?
20
Let k(t) = 4*t**2 - 7*t - 2. Calculate the remainder when 131 is divided by k(-1).
5
Let r = 874 + -760. What is the remainder when r is divided by 68?
46
Let m = 7 + -8. Let f = 2 - 1. Calculate the remainder when 2 - f/(m/17) is divided by 11.
8
Suppose 2*u + 3 - 13 = 0. Let a(v) = 3*v + 13. What is the remainder when a(u) is divided by 10?
8
Suppose 10*g - 2665 = -3*g. Suppose g*v = 208*v - 90. What is the remainder when 59 is divided by v?
29
Let t = 114 + -86. Suppose 2*u + 4 - 2 = 0, 4*g + 2*u - 10 = 0. Suppose -2*z = -g*z - r + t, 15 = 3*r. Calculate the remainder when 89 is divided by z.
20
Suppose -6*z = 13 + 11. Calculate the remainder when z*(45/(-4))/5 is divided by 4.
1
Let j(o) = o + 21. Suppose -23 = 7*k - 205. What is the remainder when k is divided by j(-11)?
6
Let q(j) = 23*j**3 - j**2 + 14*j - 13. What is the remainder when q(3) is divided by 92?
89
Let g(f) = f + 20. Suppose -83*m + 88*m - 345 = 0. Calculate the remainder when m is divided by g(-10).
9
Calculate the remainder when 394 is divided by 2/9 + (-980)/(-45).
20
Suppose 13 = 4*n - 63. Suppose 48 = 3*o - 5*g, 5*o - 5*g = 4*o + 6. Let a = o - 14. Calculate the remainder when n is divided by a.
5
Suppose 0 = 3*b - 9, 4*y = 2*y + 5*b + 9. What is the remainder when (-50)/2*((-3729)/(-165) - 24) is divided by y?
11
What is the remainder when (14/4 - 1)*896/140 is divided by 4?
0
Let n be (26/(-6))/(1/(-33)). Let p = 268 - n. What is the remainder when p is divided by 32?
29
Let s(y) = 2*y**2 - 2*y - 3. Suppose -3*z = 5*i, -i + 3*z - 7 = 5*z. What is the remainder when (0 - (-2)/(-1)) + 28 is divided by s(i)?
8
Let u(o) = -o**2 - 10*o + 21. Let k be (-2)/(-3) - 128/12. What is the remainder when 62 is divided by u(k)?
20
Let c = 56 - 46. Calculate the remainder when 56 is divided by 19/2*(-8 + c).
18
Calculate the remainder when (10/(80/52))/((-6)/(-528)) is divided by 24.
20
Let d be 0 - -22 - -3*2/(-6). Let b = 61 - d. What is the remainder when 157 is divided by b?
37
Let k = -642 - -717. Calculate the remainder when k is divided by 16.
11
Let k be 26/10 - 10/75*-3. Suppose 0 = -2*s + 21 + k. What is the remainder when 40 is divided by s?
4
Suppose -2*v - 252 = -9*v. Calculate the remainder when v is divided by 13.
10
Let h = -106 + 303. Suppose -d + h = 4*d - 2*l, 5*l + 200 = 5*d. Calculate the remainder when 155 is divided by d.
38
Let i = -134 + 615. Let j = i - 226. What is the remainder when j is divided by 64?
63
Suppose 0 = -t + 83 + 10. Let j(l) = -28*l**2 + 143*l + 1. What is the remainder when t is divided by j(5)?
13
Suppose 12*c - 494 = -14*c. Let g(x) = 10*x**3 - 3*x**2 + 3*x - 1. What is the remainder when g(2) is divided by c?
16
Suppose -3*f = -4*g - 91, 4*g - g + 62 = -4*f. Let j = 11 + g. Let x = j - -17. Calculate the remainder when x is divided by 4.
2
Let y(t) = -12*t - 65. What is the remainder when y(-16) is divided by 68?
59
Suppose 4*n - 2*y = 150, 0 = n + 4*y - 3*y - 33. What is the remainder when 142 is divided by n?
34
Let f = 70 - 66. Suppose 0 = -3*i + 5*l + 61, 4 = f*l - 3*l. What is the remainder when 78 is divided by i?
24
Let q(w) = -w**2 + 41*w - 116. Calculate the remainder when q(17) is divided by 33.
28
Suppose -4*p - 64 = -8*p. Suppose 3*l - p - 93 = -4*n, -l = 4*n - 103. Calculate the remainder when n is divided by 13.
12
Suppose -8*h + 278 = -66. What is the remainder when 341 is divided by h?
40
Suppose -6*x + 76 = 4*l - 3*x, -4*l = -5*x - 44. Calculate the remainder when 223 is divided by l.
15
Let u = -10 + 11. Suppose -o - f - u = -4*f, 2*o - 26 = -f. Let h = o - -7. What is the remainder when 71 is divided by h?
17
Suppose 0 = 5*t + 2*t. Suppose -g - 3*c = -4*g + 150, 3*c - 6 = t. What is the remainder when g is divided by 11?
8
Let n(a) = -a**3 + 9*a**2 - 8*a. Let i be n(8). Suppose i = -3*z + 32 + 64. What is the remainder when (-250)/8*(0 + -4) is divided by z?
29
Let b = 160 - 160. Calculate the remainder when 25 is divided by (-1 - (b - 2))/(1/5).
0
Suppose -55 = -2*t - 9*t. Suppose